 is divided by 74.
68
Calculate the remainder when 575 is divided by 100.
75
What is the remainder when 427 is divided by 31?
24
What is the remainder when 508 is divided by 32?
28
Calculate the remainder when 599 is divided by 61.
50
Calculate the remainder when 115 is divided by 60.
55
Calculate the remainder when 142 is divided by 68.
6
What is the remainder when 6628 is divided by 62?
56
What is the remainder when 1716 is divided by 20?
16
Calculate the remainder when 21 is divided by 13.
8
What is the remainder when 425 is divided by 18?
11
What is the remainder when 168 is divided by 54?
6
Calculate the remainder when 288 is divided by 17.
16
Calculate the remainder when 447 is divided by 198.
51
What is the remainder when 357 is divided by 350?
7
What is the remainder when 73 is divided by 24?
1
What is the remainder when 269 is divided by 91?
87
What is the remainder when 816 is divided by 163?
1
What is the remainder when 287 is divided by 58?
55
Calculate the remainder when 373 is divided by 201.
172
What is the remainder when 444 is divided by 444?
0
Calculate the remainder when 585 is divided by 6.
3
What is the remainder when 89 is divided by 80?
9
Calculate the remainder when 405 is divided by 51.
48
What is the remainder when 69 is divided by 6?
3
Calculate the remainder when 2783 is divided by 82.
77
What is the remainder when 290 is divided by 75?
65
Calculate the remainder when 763 is divided by 78.
61
Calculate the remainder when 10457 is divided by 14.
13
What is the remainder when 32 is divided by 20?
12
Calculate the remainder when 17 is divided by 10.
7
Calculate the remainder when 3653 is divided by 23.
19
What is the remainder when 1813 is divided by 42?
7
What is the remainder when 370 is divided by 175?
20
Calculate the remainder when 168 is divided by 84.
0
Calculate the remainder when 616 is divided by 79.
63
What is the remainder when 743 is divided by 34?
29
What is the remainder when 799 is divided by 202?
193
What is the remainder when 760 is divided by 45?
40
Calculate the remainder when 327 is divided by 8.
7
Calculate the remainder when 509 is divided by 17.
16
What is the remainder when 1919 is divided by 192?
191
What is the remainder when 155 is divided by 41?
32
What is the remainder when 400 is divided by 64?
16
Calculate the remainder when 101 is divided by 51.
50
Calculate the remainder when 403 is divided by 41.
34
What is the remainder when 1574 is divided by 121?
1
What is the remainder when 1306 is divided by 430?
16
What is the remainder when 1258 is divided by 13?
10
Calculate the remainder when 688 is divided by 53.
52
Calculate the remainder when 39 is divided by 14.
11
Calculate the remainder when 4281 is divided by 225.
6
Calculate the remainder when 232 is divided by 59.
55
What is the remainder when 78 is divided by 5?
3
Calculate the remainder when 221 is divided by 41.
16
What is the remainder when 789 is divided by 70?
19
Calculate the remainder when 932 is divided by 18.
14
Calculate the remainder when 308 is divided by 105.
98
Calculate the remainder when 291 is divided by 255.
36
Calculate the remainder when 1093 is divided by 140.
113
What is the remainder when 1042 is divided by 22?
8
Calculate the remainder when 278 is divided by 10.
8
Calculate the remainder when 64 is divided by 6.
4
Calculate the remainder when 378 is divided by 44.
26
What is the remainder when 16429 is divided by 104?
101
Calculate the remainder when 7345 is divided by 237.
235
Calculate the remainder when 831 is divided by 259.
54
Calculate the remainder when 1322 is divided by 37.
27
What is the remainder when 7221 is divided by 3609?
3
What is the remainder when 2130 is divided by 268?
254
Calculate the remainder when 558 is divided by 28.
26
What is the remainder when 414 is divided by 137?
3
What is the remainder when 2262 is divided by 1107?
48
Calculate the remainder when 631 is divided by 24.
7
Calculate the remainder when 1862 is divided by 81.
80
What is the remainder when 408 is divided by 201?
6
Calculate the remainder when 290 is divided by 56.
10
Calculate the remainder when 1019 is divided by 54.
47
Calculate the remainder when 97 is divided by 31.
4
Calculate the remainder when 213 is divided by 18.
15
Calculate the remainder when 250 is divided by 59.
14
What is the remainder when 189 is divided by 27?
0
What is the remainder when 3855 is divided by 161?
152
What is the remainder when 25 is divided by 13?
12
What is the remainder when 48 is divided by 7?
6
What is the remainder when 116 is divided by 17?
14
What is the remainder when 53 is divided by 7?
4
Calculate the remainder when 2117 is divided by 53.
50
What is the remainder when 61 is divided by 3?
1
What is the remainder when 2908 is divided by 182?
178
What is the remainder when 1434 is divided by 51?
6
What is the remainder when 343 is divided by 8?
7
What is the remainder when 10505 is divided by 102?
101
What is the remainder when 509 is divided by 6?
5
Calculate the remainder when 113 is divided by 3.
2
Calculate the remainder when 265 is divided by 119.
27
What is the remainder when 215 is divided by 102?
11
What is the remainder when 13 is divided by 6?
1
Calculate the remainder when 14691 is divided by 167.
162
Calculate the remainder when 331 is divided by 84.
79
Calculate the remainder when 598 is divided by 299.
0
What is the remainder when 91 is divided by 27?
10
What is the remainder when 1995 is divided by 645?
60
What is the remainder when 3419 is divided by 127?
117
What is the remainder when 4476 is divided by 24?
12
What is the remainder when 236 is divided by 17?
15
Calculate the remainder when 587 is divided by 5.
2
Calculate the remainder when 755 is divided by 41.
17
Calculate the remainder when 33839 is divided by 60.
59
What is the remainder when 224 is divided by 216?
8
What is the remainder when 1725 is divided by 36?
33
What is the remainder when 33 is divided by 8?
1
What is the remainder when 2596 is divided by 76?
12
Calculate the remainder when 42 is divided by 31.
11
Calculate the remainder when 925 is divided by 4.
1
What is the remainder when 418 is divided by 138?
4
What is the remainder when 1540 is divided by 11?
0
What is the remainder when 119 is divided by 16?
7
What is the remainder when 144 is divided by 56?
32
What is the remainder when 767 is divided by 55?
52
Calculate the remainder when 9801 is divided by 29.
28
What is the remainder when 1155 is divided by 4?
3
Calculate the remainder when 82 is divided by 14.
12
What is the remainder when 21 is divided by 9?
3
What is the remainder when 1941 is divided by 42?
9
Calculate the remainder when 119 is divided by 47.
25
Calculate the remainder when 226 is divided by 8.
2
What is the remainder when 101 is divided by 13?
10
What is the remainder when 291 is divided by 39?
18
What is the remainder when 406 is divided by 104?
94
Calculate the remainder when 85 is divided by 13.
7
What is the remainder when 86 is divided by 75?
11
What is the remainder when 976 is divided by 28?
24
Calculate the remainder when 97 is divided by 20.
17
What is the remainder when 654 is divided by 30?
24
What is the remainder when 65 is divided by 18?
11
Calculate the remainder when 1594 is divided by 226.
12
What is the remainder when 69 is divided by 14?
13
What is the remainder when 132 is divided by 45?
42
What is the remainder when 1537 is divided by 66?
19
Calculate the remainder when 66 is divided by 6.
0
Calculate the remainder when 7995 is divided by 174.
165
Calculate the remainder when 872 is divided by 46.
44
What is the remainder when 23597 is divided by 27?
26
Calculate the remainder when 7225 is divided by 176.
9
Calculate the remainder when 378 is divided by 197.
181
What is the remainder when 174 is divided by 65?
44
Calculate the remainder when 914 is divided by 230.
224
Calculate the remainder when 121 is divided by 13.
4
What is the remainder when 697 is divided by 47?
39
What is the remainder when 161 is divided by 4?
1
What is the remainder when 10861 is divided by 51?
49
Calculate the remainder when 205 is divided by 8.
5
What is the remainder when 16630 is divided by 11?
9
What is the remainder when 9387 is divided by 10?
7
What is the rem